6*j + 2*s. Is j a composite number?
False
Is 415357*6/22 + (-13)/(572/8) composite?
False
Let z = 25763 - -3620. Is z a prime number?
True
Let x be 10/100 + (1 - 103429/(-10)). Suppose 3*j = -2*z + 10343, -2*z = -4*z - 2*j + x. Is z composite?
True
Suppose -5*c + 1951 = -4*q - 0*q, 4*c - 1540 = -2*q. Let f be ((-32)/8)/4*-174. Let h = c - f. Is h a composite number?
True
Let l(j) = 990*j**2 + 40*j + 337. Is l(-18) prime?
True
Suppose 5*s - f - f - 769217 = 0, 4*s - 2*f = 615376. Is s a prime number?
True
Let v = 792443 - 443206. Is v a prime number?
False
Let y be ((-1)/2)/(2/(-16)). Suppose 0 = 5*o - y - 46. Let i(n) = n**3 + 6*n**2 - 21*n + 9. Is i(o) a composite number?
False
Let c(w) = w**3 + 12*w**2 - 8*w + 65. Let z be c(-13). Let y be 0 - 0 - (0 + -229). Suppose z = 4*a + 20, 5*a = 4*p - y - 304. Is p a prime number?
True
Let n be (1*-2 + 0)*(-18090)/36. Let r = n + -3159. Is (-2)/((-8)/r)*294/(-63) a prime number?
False
Let f be 0/(((-2)/4)/((-1)/8)). Suppose f = -37*g + 18*g + 8303. Is g a prime number?
False
Let k(z) be the third derivative of 11*z**4/6 + 43*z**3/6 + z**2 - 7. Is k(5) a composite number?
False
Suppose -4*y + 17 = -3*c - 5, -5*c = 4*y - 6. Let d be c/6 + -14*(-4732)/6. Suppose 5*z - 3*a = d - 4224, 3*z = -4*a + 4067. Is z composite?
False
Let x be ((-11979)/15 - -1)/((-4)/80). Suppose x = -3*g + 19*g. Is g a prime number?
True
Suppose 18 = 6*v - 36. Suppose -2*r - r = w + v, w + 5 = -2*r. Suppose -w*g + 194 = 17. Is g prime?
True
Let y(t) = 3695*t - 48. Let f(s) = -2*s**2 + 8*s + 11. Let x be f(5). Is y(x) a composite number?
True
Let f be (((-2)/(-3))/1)/((-27)/(-1134)). Is (2 + 0)/(f/140) composite?
True
Let n be (-32)/(-10) - 1/25*5. Let y be (5 - 6)*(1 + -1). Suppose n*u - 1637 = t, y*u + u = -5*t + 567. Is u composite?
False
Suppose -6844 - 6094 = -4*f - 2*s, -16135 = -5*f + 5*s. Suppose 2*r - 1586 = 4*y, 0*r + 4*y = -4*r + f. Let z = -316 + r. Is z a prime number?
True
Let m = -2027 + 3846. Let q = 2708 - m. Is q a composite number?
True
Let n = 55 - 22. Suppose 495297 = n*u - 360822. Is u composite?
False
Suppose -2*p + 3*p - 20*p + 9366259 = 0. Is p composite?
True
Suppose 9*h = 21*h + 108. Is 3*((-9042)/h - 5) composite?
False
Let q(r) = -107*r**2 + 4. Let f be q(10). Is 0 + 4/12 - f/6 a composite number?
False
Is ((-70)/(-105))/(10/99555) a prime number?
True
Let v = 5077 - 5071. Suppose u + 42 = -243. Is 21/(-14) - u/v*11 composite?
False
Let w = -20 - -25. Suppose -y - 2*n = -w*n - 18, -4*n = -5*y + 57. Let t = 170 - y. Is t composite?
True
Is 146760 - (6/(-4) - 2)*(-6 - -8) a composite number?
False
Suppose 3*q = 2*p + 269107, -5*p - 16 - 9 = 0. Is q composite?
True
Suppose 4*j = -2*h + 4, 5*j - 2*j + h = 5. Suppose -j*t + 29296 = 3661. Is t a prime number?
False
Suppose 0 = -2*a - 0*a + 4*l + 4082, -2039 = -a + 4*l. Suppose -p + 1024 + a = 0. Suppose -4*m - 543 = -p. Is m a composite number?
False
Let f(y) = -y**2 + 9*y - 18. Let r be f(5). Let g be (r/(-3))/(2/27). Is (-1 - g/6) + (-397)/(-2) a composite number?
False
Suppose 3*x - 2*x = -5*r - 10, 5*r + 30 = 3*x. Suppose x*j = 4*j + 9. Is -7 + j - (-2368 - 1) a composite number?
False
Suppose 6*f - 2*y = 5*f - 19278, -2*f - 38555 = -5*y. Let b = f + 39913. Is b a composite number?
True
Suppose -2*y + 65867 = q, -3*y + 4*y = -3*q + 197596. Suppose -q + 21861 = -12*k. Is k composite?
True
Let h be -3 + -1 + 1 + 7478 + -3. Suppose -3*d + 12 = 0, 2*f - 35166 + h = -3*d. Is f prime?
True
Is (118111 - 19) + 8/20 + (-9)/(-15) a composite number?
False
Let w(k) = 12491*k - 74. Let v be w(-3). Let d = v + 68364. Is d composite?
False
Suppose -5803 = -25*l + 4672. Is l a prime number?
True
Let y(i) = 3801*i - 3287. Is y(28) prime?
True
Suppose -3425241 = -23*r + 5624093 - 2495323. Is r prime?
True
Suppose -3*k = -5*a + 2869039, 7*a + 1147628 = 9*a + 5*k. Is a composite?
False
Let q = -656 - -354. Suppose 0 = -z - 2*o + 12 - 5, o - 11 = -3*z. Is z/(-2) + q/(-4) prime?
False
Let q(a) = -722*a**3 - 10*a**2 - 5*a - 25. Let g be q(-6). Suppose -h - 12*h = -g. Is h composite?
False
Suppose 10*b = -a + 5*b + 6, 3*b - 3 = 0. Let k be 2/(-6) + 8408/(-12) + a. Let v = k + 1146. Is v composite?
True
Is 1919628/(-126)*((-25)/(-10) - 6) prime?
True
Let j be 2/(-4)*738/41. Is (321/(-9))/(j/2133) a prime number?
False
Let u be -4*-9*5/20. Let g(h) = 397*h + 30. Let f be g(u). Suppose 5*n - f = k + 828, 1786 = 2*n + 3*k. Is n a prime number?
True
Let a(d) = -d**3 + 23*d**2 + 14*d - 9. Suppose n - 54 = -38. Let x be a(n). Let j = x + -1100. Is j composite?
False
Let k(w) = -w**3 - 4*w**2 + 6*w + 2. Let u be k(-5). Let c be (2/(-4))/(0 + u/15240). Suppose 2*o - 3*s = 3*o - c, o - 2541 = -2*s. Is o a composite number?
False
Suppose 9 = -0*a + 3*a, -4*v = -3*a + 5. Let s be -1 - -1226 - 2/v. Suppose 4*b - 45 - s = 0. Is b composite?
False
Let c(t) = -49*t**2 + 2*t + 1. Let l be c(-1). Is 17326/((6/(-10))/(15/l)) prime?
True
Suppose y - 50 = 2*m - 5*m, -4*y + 74 = 5*m. Suppose -22*u = -m*u - 3260. Is u composite?
True
Suppose -3*v = 3*j, -3*j - 4*v - 4 - 1 = 0. Suppose -2*a + j*w + 13766 = -15938, 29712 = 2*a - w. Is a a composite number?
True
Let f be (8/6)/((-80)/(-180)). Is f/(-7 - 291740/(-41675)) prime?
False
Let z(l) = 276*l - 6. Let n(w) = -w - 2. Let r(d) = -2*n(d) + z(d). Let m be r(16). Suppose 3*t - c - m = 82, 4*t - 4*c - 6024 = 0. Is t prime?
True
Let r(q) = -1081*q**2 - 60*q - 114. Let k(d) = 216*d**2 + 12*d + 23. Let o(z) = 11*k(z) + 2*r(z). Let y be o(-4). Suppose 4*w - y = 1451. Is w prime?
True
Let b(l) = 770*l**2 + 2*l - 3. Let j be b(2). Suppose 3*v + 7687 = -5*r, 1336 + 201 = -r - v. Let h = r + j. Is h composite?
False
Suppose -3*d - f = -984, -996 = 4*d - 7*d - 5*f. Suppose -323*h = -d*h + 34460. Is h a composite number?
True
Let a(k) = 25*k - 22. Let t(b) = -b - 1. Let l(d) = a(d) + t(d). Is l(18) composite?
False
Is (1/2)/(70/(-965320)*(-4)/14) composite?
False
Suppose 206592 = -96*w + 3946080. Is w a prime number?
True
Let s(q) = -8*q**3 - q**2 + 19*q**3 + 9*q**3 - 9*q + 3 - 2*q**2. Suppose 0 = -5*c - 1 + 21. Is s(c) a prime number?
False
Let r(u) = -5*u**2 - 49*u + 14. Let l(s) = 3*s**2 + 25*s - 7. Let j(g) = -7*l(g) - 4*r(g). Suppose 6*b - 4*q - 22 = 4*b, 0 = 5*b + 5*q - 85. Is j(b) composite?
False
Let w(t) = -3387*t**3 - 3*t**2 - 14*t + 27. Is w(-4) composite?
False
Let u(q) = q**3 - 14*q**2 + 24*q + 10. Let n be u(12). Let h(r) = 7*r**3 + 4*r**2 + 22*r - 13. Is h(n) composite?
False
Let s = -9759 - -79130. Is s prime?
True
Suppose -15*b + 8 = 143. Is 914 - (-4 - b - 4) a composite number?
True
Let n be ((-140)/5)/4 + 9. Is (4258*3/6)/(n/14) composite?
True
Let g = 967152 - 638779. Is g a prime number?
True
Let a be 9/(-12)*4 + -1. Is (-1794)/a*(-132)/(-198) prime?
False
Let x(t) = 156*t + 2. Let q be x(-2). Suppose -3*f = -618 - 1191. Let u = f + q. Is u prime?
True
Let q(o) = 2*o**2 - o. Let i(c) = c**2 - 4*c - 4. Let r(p) = -i(p) + 3*q(p). Is r(-31) composite?
True
Suppose -5*g + 241 = -0*g - o, -2*o - 50 = -g. Is g/(-96) - 33245/(-2) prime?
False
Let q be 4/(36/(-3)) - 4/(-12). Suppose q = c - 276 - 2174. Suppose 0 = -7*f + c - 609. Is f prime?
True
Is (0 - 12/(-4))*3739*(-67)/(-3) a prime number?
False
Let k = 501 - 189. Let l = k - -583. Is l prime?
False
Suppose -5*m - 2*h - 7 = 15, -4*m + 3*h = 36. Is 2/(m/1779*(-5)/55) a composite number?
True
Let x(m) = 5*m + 213. Let z be x(-40). Let o(t) = 2*t**2 + 18 - 4*t + t**2 + 20. Is o(z) composite?
True
Let n(v) = 51*v + 3. Let t be n(-1). Is (1123/(-4))/(4/t) composite?
True
Let w(y) = -104*y + 8. Let g be w(1). Is 4275 - (g/(-3))/8 a prime number?
True
Suppose -79*l - 28001947 = -180*l. Is l a prime number?
True
Suppose 12 = -2*i + 28. Let d(u) = 68*u**2 - 16*u + 41. Is d(i) a prime number?
False
Suppose -264*w = -159*w - 796530. Is w a composite number?
True
Suppose 6442*d - 6490*d + 42096 = 0. Is d composite?
False
Suppose -7*i - 1 = -1. Suppose 39*w - 34*w - 19145 = i. Is w prime?
False
Suppose 4 = 5*s - 1. Let z(w) = 78*w**2 + 2*w + 6. Let r(h) = h**2 + h + 1. Let n(x) = -4*r(x) + z(x). Is n(s) prime?
False
Suppose -2*n - 5*b = -0*n - 2157542, n - 1078777 = -4*b. Is n a prime number?
False
Suppose 0 = -n + 3*s + 22022, 5*s = -2*n - n + 66136. Let l = n + -15084. Is l a prime number?
False
L